{"id":1241,"date":"2020-07-05T10:11:13","date_gmt":"2020-07-05T08:11:13","guid":{"rendered":"https:\/\/www.pmd85.cz\/?page_id=1241"},"modified":"2021-02-14T20:59:10","modified_gmt":"2021-02-14T19:59:10","slug":"miny","status":"publish","type":"page","link":"https:\/\/www.pmd85.cz\/?page_id=1241","title":{"rendered":"Miny"},"content":{"rendered":"<h2>Z\u00e1kladn\u00ed informace<\/h2>\n<ul>\n<li>datum vyd\u00e1n\u00ed posledn\u00ed verze na PMD-85: 6. 2. 2021<\/li>\n<li>p\u016fvodn\u00ed k\u00f3d, inspirovan\u00fd hrou z platformy Windows<\/li>\n<li>vyu\u017eit\u00ed RAM: 0000h-3656h program, 4000h-7FFFh st\u00ednov\u00e1 videoram, C000h-FFFFh videoram<\/li>\n<li>podpora model\u016f: v\u0161echny verze PMD-85 (1\/2\/2A\/3)<\/li>\n<li>podpora barevn\u00fdch re\u017eim\u016f: BW, RGBM, WGRM, ColorAce<\/li>\n<li>hudba\/zvuky: nejsou<\/li>\n<li>ovl\u00e1d\u00e1n\u00ed: my\u0161602, alternativn\u011b kl\u00e1vesnice<\/li>\n<\/ul>\n<h2>Status<\/h2>\n<ul>\n<li>fin\u00e1ln\u00ed verze hry, uvoln\u011bno k pou\u017eit\u00ed<\/li>\n<\/ul>\n<h2>Ovl\u00e1dac\u00ed kl\u00e1vesy<\/h2>\n<ul>\n<li>VLEVO = kurzorov\u00e1 \u0161ipka vlevo<\/li>\n<li><span style=\"font-size: 1rem;\">VPRAVO =\u00a0kurzorov\u00e1 \u0161ipka vpravo<\/span><\/li>\n<li>NAHORU = HOME \/ LINE LEFT<\/li>\n<li>DOL\u016e = END \/ LINE RIGHT<\/li>\n<li>L-tla\u010d\u00edtko = DELETE<\/li>\n<li>P-tla\u010d\u00edtko = CLR<\/li>\n<li>restart hry = K1<\/li>\n<li>n\u00e1vrat do menu = STOP<\/li>\n<\/ul>\n<h2>Popis hry a jej\u00ed vlastnosti<\/h2>\n<p>C\u00edlem hry nen\u00ed nal\u00e9zt v\u0161echny miny, jak by se dalo o\u010dek\u00e1vat, ale \u00faloha zrcadlov\u011b obr\u00e1cen\u00e1: ozna\u010dit v\u0161echna pole, kde miny nejsou. Jakmile v\u0161echna pole bez min ozna\u010d\u00ed\u0161, hra \u00fasp\u011b\u0161n\u011b kon\u010d\u00ed. Pokud kdykoliv b\u011bhem hry odkryje\u0161 pole s minou, hra kon\u010d\u00ed tak\u00e9 &#8211; ov\u0161em ne\u00fasp\u011bchem.<\/p>\n<p>Hru lze hr\u00e1t ve t\u0159ech rozm\u011brov\u00fdch variant\u00e1ch: 9&#215;9 pol\u00ed (10 rozm\u00edst\u011bn\u00fdch min), 15&#215;15 pol\u00ed (34 rozm\u00edst\u011bn\u00fdch min) a 21&#215;16 pol\u00ed\u00a0(60 rozm\u00edst\u011bn\u00fdch min).<\/p>\n<p>Na za\u010d\u00e1tku hry jsou v\u0161echna pole ve v\u00fdchoz\u00edm stavu = neozna\u010den\u00e1. P\u0159edpokl\u00e1dan\u00e1 m\u00edsta s minami ozna\u010duje\u0161 kliknut\u00edm prav\u00fdm tla\u010d\u00edtkem my\u0161i na dan\u00e9 pole. T\u00edm se v poli objev\u00ed symbol &#8222;vlajka&#8220;. Opakovan\u00fdm kliknut\u00edm prav\u00fdm tla\u010d\u00edtkem zm\u011bn\u00ed\u0161 ozna\u010den\u00ed na &#8222;otazn\u00edk&#8220;. T\u0159et\u00edm kliknut\u00edm na tot\u00e9\u017e pole zcela zru\u0161\u00ed\u0161 jeho ozna\u010den\u00ed a toto pole se op\u011bt nach\u00e1z\u00ed ve v\u00fdchoz\u00edm stavu. Symbol &#8222;otazn\u00edk&#8220; m\u00e1 pouze informativn\u00ed charakter a mechanismus hry jej ignoruje. Je pou\u017eit pouze z d\u016fvodu kompatibility s n\u011bkter\u00fdmi verzemi t\u00e9to hry. Vlajkou \u010di otazn\u00edkem ozna\u010den\u00e1 pole m\u016f\u017ee\u0161 libovoln\u011b ozna\u010dovat a ru\u0161it jejich ozna\u010den\u00ed &#8211; toto nem\u00e1 bezprost\u0159edn\u00ed vliv na v\u00fdvoj hry. Pouze si t\u00edm ozna\u010duje\u0161 p\u0159edpokl\u00e1dan\u00e9 rozm\u00edst\u011bn\u00ed min bez proveden\u00ed vlastn\u00edho testu.<\/p>\n<p>Kliknut\u00edm lev\u00fdm tla\u010d\u00edtkem my\u0161i na pole toto pole odkryje\u0161. Je-li tam mina, hra okam\u017eit\u011b kon\u010d\u00ed ne\u00fasp\u011bchem. Nen\u00ed-li tam mina, odkryje se podle vnit\u0159n\u00edch pravidel hry ur\u010dit\u00fd po\u010det pol\u00ed. Odkryt\u00e1 pole jsou bu\u010f pr\u00e1zdn\u00e1 (sousedn\u00ed pole nejsou zaminovan\u00e1) nebo zobrazuj\u00ed cifru, ur\u010duj\u00edc\u00ed po\u010det zaminovan\u00fdch soused\u016f. Tyto cifry Ti pom\u00e1haj\u00ed rozkr\u00fdt strukturu minov\u00e9ho pole.<\/p>\n<p>Kliknut\u00edm lev\u00fdm tla\u010d\u00edtkem na ji\u017e odkryt\u00e9 pole se nejprve otestuje, zda cifra na n\u011bm odpov\u00edd\u00e1 po\u010dtu vlajek (p\u0159edpokl\u00e1dan\u00fdch zaminovan\u00fdch pol\u00ed) v bezprost\u0159edn\u00edm sousedstv\u00ed. Pokud cifra s po\u010dtem vlajek souhlas\u00ed, odkryj\u00ed se najednou v\u0161echna zb\u00fdvaj\u00edc\u00ed sousedn\u00ed pole. Pokud je n\u011bkter\u00e9 z nich zaminovan\u00e9, hra op\u011bt kon\u010d\u00ed ne\u00fasp\u011bchem. Tato funkce v\u00fdrazn\u011b zrychluje hru a je bezpe\u010dn\u011bj\u0161\u00ed variantou ne\u017e jednoduch\u00e9 kliknut\u00ed v tom smyslu, \u017ee alespo\u0148 kontroluje po\u010det p\u0159edpokl\u00e1dan\u00fdch zaminovan\u00fdch soused\u016f. Ov\u0161em zcela bezpe\u010dn\u00e9 nen\u00ed ani toto hromadn\u00e9 odkryt\u00ed.<\/p>\n<h2>Spu\u0161t\u011bn\u00ed hry<\/h2>\n<p>Hra se nahraje z MGF p\u0159\u00edkazem MGLD 12. Po nata\u017een\u00ed z MGF autostarter hru automaticky spust\u00ed.<\/p>\n<p>Restart hry je mo\u017en\u00fd p\u0159\u00edkazem JUMP 0000.<\/p>\n<p>Na PMD 85-3 je nutno p\u0159ed nahr\u00e1v\u00e1n\u00edm p\u0159ej\u00edt do re\u017eimu kompatibility p\u0159\u00edkazem JUMP FFF0.<\/p>\n<h2>Soubory ke sta\u017een\u00ed<\/h2>\n<ul>\n<li><a href=\"https:\/\/www.pmd85.cz\/wp-content\/uploads\/miny.zip\">Hra Miny<\/a>\u00a0&#8211; Soubor virtu\u00e1ln\u00ed MGF p\u00e1sky pro emul\u00e1tor PMD-85 od RM-TEAMu<\/li>\n<li><a href=\"https:\/\/www.pmd85.cz\/wp-content\/uploads\/minysrc.zip\">Zdrojov\u00fd k\u00f3d hry v assembleru<\/a><\/li>\n<li><a href=\"https:\/\/www.youtube.com\/watch?v=LE6Ze9Aq14E\" target=\"_blank\" rel=\"noopener noreferrer\">\u0158e\u0161en\u00ed hry Miny ve velikosti 15&#215;15<\/a> &#8211; Odkaz na video na YouTube<\/li>\n<\/ul>\n<h2>Galerie obr\u00e1zk\u016f (hra v re\u017eimu Colorace)<\/h2>\n<div id=\"attachment_1441\" style=\"width: 160px\" class=\"wp-caption alignleft\"><a href=\"https:\/\/www.pmd85.cz\/wp-content\/uploads\/splashscreen-1.gif\" target=\"_blank\" rel=\"noopener noreferrer\"><img aria-describedby=\"caption-attachment-1441\" loading=\"lazy\" class=\"wp-image-1441 size-thumbnail\" src=\"https:\/\/www.pmd85.cz\/wp-content\/uploads\/splashscreen-1-150x150.gif\" alt=\"\" width=\"150\" height=\"150\" \/><\/a><p id=\"caption-attachment-1441\" class=\"wp-caption-text\">B\u011bhem nahr\u00e1v\u00e1n\u00ed z MGF<\/p><\/div>\n<div id=\"attachment_1443\" style=\"width: 160px\" class=\"wp-caption alignleft\"><a href=\"https:\/\/www.pmd85.cz\/wp-content\/uploads\/minesweeper_menu-e1612626603506.gif\" target=\"_blank\" rel=\"noopener noreferrer\"><img aria-describedby=\"caption-attachment-1443\" loading=\"lazy\" class=\"wp-image-1443 size-thumbnail\" src=\"https:\/\/www.pmd85.cz\/wp-content\/uploads\/minesweeper_menu-e1612626603506-150x150.gif\" alt=\"\" width=\"150\" height=\"150\" \/><\/a><p id=\"caption-attachment-1443\" class=\"wp-caption-text\">Menu hry<\/p><\/div>\n<div id=\"attachment_1382\" style=\"width: 160px\" class=\"wp-caption alignleft\"><a href=\"https:\/\/www.pmd85.cz\/wp-content\/uploads\/game21by16.gif\" target=\"_blank\" rel=\"noopener noreferrer\"><img aria-describedby=\"caption-attachment-1382\" loading=\"lazy\" class=\"wp-image-1382 size-thumbnail\" src=\"https:\/\/www.pmd85.cz\/wp-content\/uploads\/game21by16-150x150.gif\" alt=\"\" width=\"150\" height=\"150\" \/><\/a><p id=\"caption-attachment-1382\" class=\"wp-caption-text\">Hrac\u00ed pole 21&#215;16 bun\u011bk<\/p><\/div>\n<p>&nbsp;<\/p>\n<p>&nbsp;<\/p>\n<p>&nbsp;<\/p>\n<p>&nbsp;<\/p>\n<p>&nbsp;<\/p>\n","protected":false},"excerpt":{"rendered":"<p>Z\u00e1kladn\u00ed informace datum vyd\u00e1n\u00ed posledn\u00ed verze na PMD-85: 6. 2. 2021 p\u016fvodn\u00ed k\u00f3d, inspirovan\u00fd hrou z platformy Windows vyu\u017eit\u00ed RAM: 0000h-3656h program, 4000h-7FFFh st\u00ednov\u00e1 videoram, C000h-FFFFh videoram podpora model\u016f: v\u0161echny verze PMD-85 (1\/2\/2A\/3) podpora barevn\u00fdch re\u017eim\u016f: BW, RGBM, WGRM, ColorAce hudba\/zvuky: nejsou ovl\u00e1d\u00e1n\u00ed: my\u0161602, alternativn\u011b kl\u00e1vesnice Status fin\u00e1ln\u00ed verze hry, uvoln\u011bno k pou\u017eit\u00ed Ovl\u00e1dac\u00ed kl\u00e1vesy [&hellip;]<\/p>\n","protected":false},"author":1,"featured_media":0,"parent":236,"menu_order":0,"comment_status":"open","ping_status":"closed","template":"","meta":[],"_links":{"self":[{"href":"https:\/\/www.pmd85.cz\/index.php?rest_route=\/wp\/v2\/pages\/1241"}],"collection":[{"href":"https:\/\/www.pmd85.cz\/index.php?rest_route=\/wp\/v2\/pages"}],"about":[{"href":"https:\/\/www.pmd85.cz\/index.php?rest_route=\/wp\/v2\/types\/page"}],"author":[{"embeddable":true,"href":"https:\/\/www.pmd85.cz\/index.php?rest_route=\/wp\/v2\/users\/1"}],"replies":[{"embeddable":true,"href":"https:\/\/www.pmd85.cz\/index.php?rest_route=%2Fwp%2Fv2%2Fcomments&post=1241"}],"version-history":[{"count":59,"href":"https:\/\/www.pmd85.cz\/index.php?rest_route=\/wp\/v2\/pages\/1241\/revisions"}],"predecessor-version":[{"id":1450,"href":"https:\/\/www.pmd85.cz\/index.php?rest_route=\/wp\/v2\/pages\/1241\/revisions\/1450"}],"up":[{"embeddable":true,"href":"https:\/\/www.pmd85.cz\/index.php?rest_route=\/wp\/v2\/pages\/236"}],"wp:attachment":[{"href":"https:\/\/www.pmd85.cz\/index.php?rest_route=%2Fwp%2Fv2%2Fmedia&parent=1241"}],"curies":[{"name":"wp","href":"https:\/\/api.w.org\/{rel}","templated":true}]}}