{"id":1789,"date":"2022-05-31T18:54:53","date_gmt":"2022-05-31T16:54:53","guid":{"rendered":"https:\/\/www.pmd85.cz\/?page_id=1789"},"modified":"2022-07-19T16:23:10","modified_gmt":"2022-07-19T14:23:10","slug":"zvukovy-modul-mif-85lsx-pro-pmd-85","status":"publish","type":"page","link":"https:\/\/www.pmd85.cz\/?page_id=1789","title":{"rendered":"Zvukov\u00fd modul MIF-85LSX pro PMD-85"},"content":{"rendered":"<p>Tato konstrukce v\u00fdvojov\u011b navazuje na d\u0159\u00edv\u011bj\u0161\u00ed modul <a href=\"https:\/\/www.pmd85.cz\/?page_id=1655\">MIF-85LS<\/a> a jedn\u00e1 se o zvukov\u00fd modul s obvodem SAA1099, ur\u010den\u00fd pro PMD-85. Origin\u00e1ln\u00ed konstrukci modulu MIF-85 vyvinuli kolegov\u00e9 z <a href=\"http:\/\/pmd85.borik.net\/wiki\/MIF_85\" target=\"_blank\" rel=\"noopener noreferrer\">RM-TEAMu<\/a>. Na str\u00e1nk\u00e1ch RM-TEAMu lze nal\u00e9zt rovn\u011b\u017e <a href=\"https:\/\/saa1099tracker.borik.net\/\" target=\"_blank\" rel=\"noopener noreferrer\">editor<\/a> a <a href=\"http:\/\/roman.borik.net\/stcompiler\/index.php\" target=\"_blank\" rel=\"noopener noreferrer\">kompil\u00e1tor<\/a> pro skl\u00e1d\u00e1n\u00ed hudby pro tento modul.<\/p>\n<p>Oproti p\u0159edchoz\u00ed generaci nyn\u00ed modul nab\u00edz\u00ed &#8222;pr\u016fchoz\u00ed&#8220; sign\u00e1ly aplika\u010dn\u00edho konektoru, umo\u017e\u0148uje tedy nap\u0159\u00edklad soub\u011b\u017en\u00fd provoz vlastn\u00edho MIF-85LSX nap\u0159\u00edklad s my\u0161\u00ed. Ale nejen s n\u00ed. Jedin\u00fdm omezen\u00edm &#8222;zkop\u00edrovan\u00e9ho&#8220; v\u00fdstupn\u00edho aplika\u010dn\u00edho konektoru je, \u017ee modul nenab\u00edz\u00ed sign\u00e1ly \/INT a CLK0, kter\u00e9 by byly v kolizi se stejnojmenn\u00fdmi sign\u00e1ly MIF-85LSX. Proto\u017ee modul MIF-85LSX je ur\u010den pro aplikace se sd\u00edlen\u00edm aplika\u010dn\u00edho konektoru v\u00edce za\u0159\u00edzen\u00edmi, m\u00e1 tentokr\u00e1t plnou adresaci. Tedy t\u00e9m\u011b\u0159 plnou. Na adrese portu 0EDh se zrcadl\u00ed povolovac\u00ed registr z adresy 0ECh. Modul MIF-85LSX neobsahuje programovateln\u00e9 obvody, vyu\u017e\u00edv\u00e1 pouze standardn\u00ed logick\u00e9 obvody \u0159ady 74LS.<\/p>\n<p>V sou\u010dasn\u00e9 dob\u011b je zvukov\u00fd modul MIF-85 podporov\u00e1n v t\u011bchto hr\u00e1ch:<\/p>\n<ul>\n<li><a href=\"http:\/\/pmd85.borik.net\/wiki\/Atomix\" target=\"_blank\" rel=\"noopener noreferrer\">Atomix (RM-TEAM)<\/a><\/li>\n<li><a href=\"https:\/\/maximalne.8u.cz\/magicland-dizzy\/\" target=\"_blank\" rel=\"noopener noreferrer\">Magicland Dizzy (Zden\u011bk6)<\/a><\/li>\n<li><a href=\"https:\/\/www.pmd85.cz\/?page_id=1643\" target=\"_blank\" rel=\"noopener noreferrer\">Bad Apple (Libor L.A.\/R0ger)<\/a><\/li>\n<\/ul>\n<h2>Galerie obr\u00e1zk\u016f<\/h2>\n<div id=\"attachment_1791\" style=\"width: 160px\" class=\"wp-caption alignleft\"><a href=\"https:\/\/www.pmd85.cz\/wp-content\/uploads\/schema1.png\" target=\"_blank\" rel=\"noopener noreferrer\"><img aria-describedby=\"caption-attachment-1791\" loading=\"lazy\" class=\"wp-image-1791 size-thumbnail\" src=\"https:\/\/www.pmd85.cz\/wp-content\/uploads\/schema1-150x150.png\" alt=\"\" width=\"150\" height=\"150\" \/><\/a><p id=\"caption-attachment-1791\" class=\"wp-caption-text\">sch\u00e9ma &#8211; strana 1<\/p><\/div>\n<div id=\"attachment_1792\" style=\"width: 160px\" class=\"wp-caption alignleft\"><a href=\"https:\/\/www.pmd85.cz\/wp-content\/uploads\/schema2.png\" target=\"_blank\" rel=\"noopener noreferrer\"><img aria-describedby=\"caption-attachment-1792\" loading=\"lazy\" class=\"wp-image-1792 size-thumbnail\" src=\"https:\/\/www.pmd85.cz\/wp-content\/uploads\/schema2-150x150.png\" alt=\"\" width=\"150\" height=\"150\" \/><\/a><p id=\"caption-attachment-1792\" class=\"wp-caption-text\">sch\u00e9ma &#8211; strana 2<\/p><\/div>\n<p>&nbsp;<\/p>\n<p>&nbsp;<\/p>\n<p>&nbsp;<\/p>\n<p>&nbsp;<\/p>\n<p>&nbsp;<\/p>\n<div id=\"attachment_1796\" style=\"width: 160px\" class=\"wp-caption alignleft\"><a href=\"https:\/\/www.pmd85.cz\/wp-content\/uploads\/mif85lsx.jpg\" target=\"_blank\" rel=\"noopener noreferrer\"><img aria-describedby=\"caption-attachment-1796\" loading=\"lazy\" class=\"wp-image-1796 size-thumbnail\" src=\"https:\/\/www.pmd85.cz\/wp-content\/uploads\/mif85lsx-150x150.jpg\" alt=\"\" width=\"150\" height=\"150\" \/><\/a><p id=\"caption-attachment-1796\" class=\"wp-caption-text\">modul MIF-85LSX rev. 1.0<\/p><\/div>\n<div id=\"attachment_1832\" style=\"width: 160px\" class=\"wp-caption alignleft\"><a href=\"https:\/\/www.pmd85.cz\/wp-content\/uploads\/MIF-85LSX-rev.-1.1-rotated-e1658240387310.jpg\" target=\"_blank\" rel=\"noopener\"><img aria-describedby=\"caption-attachment-1832\" loading=\"lazy\" class=\"wp-image-1832 size-thumbnail\" src=\"https:\/\/www.pmd85.cz\/wp-content\/uploads\/MIF-85LSX-rev.-1.1-rotated-e1658240387310-150x150.jpg\" alt=\"\" width=\"150\" height=\"150\" srcset=\"https:\/\/www.pmd85.cz\/wp-content\/uploads\/MIF-85LSX-rev.-1.1-rotated-e1658240387310-150x150.jpg 150w, https:\/\/www.pmd85.cz\/wp-content\/uploads\/MIF-85LSX-rev.-1.1-rotated-e1658240387310-300x300.jpg 300w, https:\/\/www.pmd85.cz\/wp-content\/uploads\/MIF-85LSX-rev.-1.1-rotated-e1658240387310-768x766.jpg 768w, https:\/\/www.pmd85.cz\/wp-content\/uploads\/MIF-85LSX-rev.-1.1-rotated-e1658240387310-624x623.jpg 624w, https:\/\/www.pmd85.cz\/wp-content\/uploads\/MIF-85LSX-rev.-1.1-rotated-e1658240387310.jpg 995w\" sizes=\"(max-width: 150px) 100vw, 150px\" \/><\/a><p id=\"caption-attachment-1832\" class=\"wp-caption-text\">modul MIF-85LSX rev. 1.1<\/p><\/div>\n<p>&nbsp;<\/p>\n<p>&nbsp;<\/p>\n<p>&nbsp;<\/p>\n<p>&nbsp;<\/p>\n<p>&nbsp;<\/p>\n<p>Revize 1.1 m\u00e1 m\u00edrn\u011b \u0161ir\u0161\u00ed desku plo\u0161n\u00fdch spoj\u016f s ohledem na mo\u017enost z\u00e1stavby oscil\u00e1tor\u016f v kovov\u00e9m pouzdru DIL8\/DIL14. Revize 1.0 nen\u00ed nad\u00e1le podporov\u00e1na z hlediska mechanick\u00e9 kompatibility, jakkoliv zapojen\u00ed z\u016fstalo nezm\u011bn\u011bno.<\/p>\n","protected":false},"excerpt":{"rendered":"<p>Tato konstrukce v\u00fdvojov\u011b navazuje na d\u0159\u00edv\u011bj\u0161\u00ed modul MIF-85LS a jedn\u00e1 se o zvukov\u00fd modul s obvodem SAA1099, ur\u010den\u00fd pro PMD-85. Origin\u00e1ln\u00ed konstrukci modulu MIF-85 vyvinuli kolegov\u00e9 z RM-TEAMu. Na str\u00e1nk\u00e1ch RM-TEAMu lze nal\u00e9zt rovn\u011b\u017e editor a kompil\u00e1tor pro skl\u00e1d\u00e1n\u00ed hudby pro tento modul. Oproti p\u0159edchoz\u00ed generaci nyn\u00ed modul nab\u00edz\u00ed &#8222;pr\u016fchoz\u00ed&#8220; sign\u00e1ly aplika\u010dn\u00edho konektoru, umo\u017e\u0148uje tedy [&hellip;]<\/p>\n","protected":false},"author":1,"featured_media":0,"parent":292,"menu_order":0,"comment_status":"open","ping_status":"closed","template":"","meta":[],"_links":{"self":[{"href":"https:\/\/www.pmd85.cz\/index.php?rest_route=\/wp\/v2\/pages\/1789"}],"collection":[{"href":"https:\/\/www.pmd85.cz\/index.php?rest_route=\/wp\/v2\/pages"}],"about":[{"href":"https:\/\/www.pmd85.cz\/index.php?rest_route=\/wp\/v2\/types\/page"}],"author":[{"embeddable":true,"href":"https:\/\/www.pmd85.cz\/index.php?rest_route=\/wp\/v2\/users\/1"}],"replies":[{"embeddable":true,"href":"https:\/\/www.pmd85.cz\/index.php?rest_route=%2Fwp%2Fv2%2Fcomments&post=1789"}],"version-history":[{"count":11,"href":"https:\/\/www.pmd85.cz\/index.php?rest_route=\/wp\/v2\/pages\/1789\/revisions"}],"predecessor-version":[{"id":1794,"href":"https:\/\/www.pmd85.cz\/index.php?rest_route=\/wp\/v2\/pages\/1789\/revisions\/1794"}],"up":[{"embeddable":true,"href":"https:\/\/www.pmd85.cz\/index.php?rest_route=\/wp\/v2\/pages\/292"}],"wp:attachment":[{"href":"https:\/\/www.pmd85.cz\/index.php?rest_route=%2Fwp%2Fv2%2Fmedia&parent=1789"}],"curies":[{"name":"wp","href":"https:\/\/api.w.org\/{rel}","templated":true}]}}