{"id":1843,"date":"2022-07-19T16:27:52","date_gmt":"2022-07-19T14:27:52","guid":{"rendered":"https:\/\/www.pmd85.cz\/?page_id=1843"},"modified":"2022-07-19T16:41:46","modified_gmt":"2022-07-19T14:41:46","slug":"sapi-redukce-pro-pripojeni-klavesnice-ank-1m5-se-seriovym-vstupem","status":"publish","type":"page","link":"https:\/\/www.pmd85.cz\/?page_id=1843","title":{"rendered":"SAPI &#8211; redukce pro p\u0159ipojen\u00ed kl\u00e1vesnice ANK-1M5 se s\u00e9riov\u00fdm vstupem"},"content":{"rendered":"<p>Kl\u00e1vesnice <a href=\"https:\/\/www.pmd85.cz\/?page_id=1527\">ANK-1M5<\/a> se k desce JPR-1\/<a href=\"https:\/\/www.pmd85.cz\/?page_id=1544\">JPR-1S<\/a> p\u0159ipojuje 34-\u017eilov\u00fdm ploch\u00fdm kabelem. Proto\u017ee origin\u00e1ln\u00ed konektor FRB (K2) na desce JPR-1 m\u00e1 pouze 30 \u017eil, jsou 4 nov\u00e9 \u017e\u00edly pou\u017eity k prostorov\u00e9mu odd\u011blen\u00ed nap\u00e1jec\u00edho nap\u011bt\u00ed kl\u00e1vesnice (+5V), kter\u00e9 se na origin\u00e1ln\u00edm konektoru FRB nach\u00e1z\u00ed na pinu \u010d. 22.<\/p>\n<p>Jako dopl\u0148kov\u00e1 funkce pro minimalistick\u00e9 sestavy je implementov\u00e1n opticky odd\u011blen\u00fd jednobitov\u00fd vstup, kter\u00fd lze vyu\u017e\u00edt jako programov\u011b \u010dten\u00fd vstupn\u00ed s\u00e9riov\u00fd kan\u00e1l do rychlosti 19,2kBd. Konektor s\u00e9riov\u00e9ho vstupu na t\u00e9to desce lze p\u0159\u00edmo propojit se s\u00e9riov\u00fdm v\u00fdstupem na PC pomoc\u00ed k\u0159\u00ed\u017eov\u00e9ho kabelu (nulov\u00fd modem).<\/p>\n<div id=\"attachment_1846\" style=\"width: 160px\" class=\"wp-caption alignleft\"><a href=\"https:\/\/www.pmd85.cz\/wp-content\/uploads\/Redukce34KB01-rev.-2.0.jpg\" target=\"_blank\" rel=\"noopener\"><img aria-describedby=\"caption-attachment-1846\" loading=\"lazy\" class=\"wp-image-1846 size-thumbnail\" src=\"https:\/\/www.pmd85.cz\/wp-content\/uploads\/Redukce34KB01-rev.-2.0-150x150.jpg\" alt=\"\" width=\"150\" height=\"150\" \/><\/a><p id=\"caption-attachment-1846\" class=\"wp-caption-text\">osazen\u00e1 redukce<\/p><\/div>\n<div id=\"attachment_1831\" style=\"width: 160px\" class=\"wp-caption alignleft\"><a href=\"https:\/\/www.pmd85.cz\/wp-content\/uploads\/JPR-1S_komplet.jpg\" target=\"_blank\" rel=\"noopener\"><img aria-describedby=\"caption-attachment-1831\" loading=\"lazy\" class=\"wp-image-1831 size-thumbnail\" src=\"https:\/\/www.pmd85.cz\/wp-content\/uploads\/JPR-1S_komplet-150x150.jpg\" alt=\"\" width=\"150\" height=\"150\" \/><\/a><p id=\"caption-attachment-1831\" class=\"wp-caption-text\">p\u0159ipojen\u00ed k JPR-1S<\/p><\/div>\n<div id=\"attachment_1850\" style=\"width: 160px\" class=\"wp-caption alignleft\"><a href=\"https:\/\/www.pmd85.cz\/wp-content\/uploads\/Redukce34KB01-rev.2.0.png\" target=\"_blank\" rel=\"noopener\"><img aria-describedby=\"caption-attachment-1850\" loading=\"lazy\" class=\"wp-image-1850 size-thumbnail\" src=\"https:\/\/www.pmd85.cz\/wp-content\/uploads\/Redukce34KB01-rev.2.0-150x150.png\" alt=\"\" width=\"150\" height=\"150\" \/><\/a><p id=\"caption-attachment-1850\" class=\"wp-caption-text\">sch\u00e9ma zapojen\u00ed<\/p><\/div>\n<p>&nbsp;<\/p>\n<p>&nbsp;<\/p>\n<p>&nbsp;<\/p>\n<p>&nbsp;<\/p>\n<p>&nbsp;<\/p>\n","protected":false},"excerpt":{"rendered":"<p>Kl\u00e1vesnice ANK-1M5 se k desce JPR-1\/JPR-1S p\u0159ipojuje 34-\u017eilov\u00fdm ploch\u00fdm kabelem. Proto\u017ee origin\u00e1ln\u00ed konektor FRB (K2) na desce JPR-1 m\u00e1 pouze 30 \u017eil, jsou 4 nov\u00e9 \u017e\u00edly pou\u017eity k prostorov\u00e9mu odd\u011blen\u00ed nap\u00e1jec\u00edho nap\u011bt\u00ed kl\u00e1vesnice (+5V), kter\u00e9 se na origin\u00e1ln\u00edm konektoru FRB nach\u00e1z\u00ed na pinu \u010d. 22. Jako dopl\u0148kov\u00e1 funkce pro minimalistick\u00e9 sestavy je implementov\u00e1n opticky odd\u011blen\u00fd [&hellip;]<\/p>\n","protected":false},"author":1,"featured_media":0,"parent":292,"menu_order":0,"comment_status":"open","ping_status":"closed","template":"","meta":[],"_links":{"self":[{"href":"https:\/\/www.pmd85.cz\/index.php?rest_route=\/wp\/v2\/pages\/1843"}],"collection":[{"href":"https:\/\/www.pmd85.cz\/index.php?rest_route=\/wp\/v2\/pages"}],"about":[{"href":"https:\/\/www.pmd85.cz\/index.php?rest_route=\/wp\/v2\/types\/page"}],"author":[{"embeddable":true,"href":"https:\/\/www.pmd85.cz\/index.php?rest_route=\/wp\/v2\/users\/1"}],"replies":[{"embeddable":true,"href":"https:\/\/www.pmd85.cz\/index.php?rest_route=%2Fwp%2Fv2%2Fcomments&post=1843"}],"version-history":[{"count":5,"href":"https:\/\/www.pmd85.cz\/index.php?rest_route=\/wp\/v2\/pages\/1843\/revisions"}],"predecessor-version":[{"id":1851,"href":"https:\/\/www.pmd85.cz\/index.php?rest_route=\/wp\/v2\/pages\/1843\/revisions\/1851"}],"up":[{"embeddable":true,"href":"https:\/\/www.pmd85.cz\/index.php?rest_route=\/wp\/v2\/pages\/292"}],"wp:attachment":[{"href":"https:\/\/www.pmd85.cz\/index.php?rest_route=%2Fwp%2Fv2%2Fmedia&parent=1843"}],"curies":[{"name":"wp","href":"https:\/\/api.w.org\/{rel}","templated":true}]}}