{"id":2016,"date":"2023-11-15T18:43:04","date_gmt":"2023-11-15T17:43:04","guid":{"rendered":"https:\/\/www.pmd85.cz\/?page_id=2016"},"modified":"2024-02-17T17:18:54","modified_gmt":"2024-02-17T16:18:54","slug":"bratrstvo-kocici-pracky","status":"publish","type":"page","link":"https:\/\/www.pmd85.cz\/?page_id=2016","title":{"rendered":"Bratrstvo ko\u010di\u010d\u00ed pracky"},"content":{"rendered":"<h2>Z\u00e1kladn\u00ed informace<\/h2>\n<ul>\n<li>datum vyd\u00e1n\u00ed posledn\u00ed verze na PMD-85: 16. 11. 2023<\/li>\n<li>portace stejnojmenn\u00e9 textov\u00e9 hry pro ZX Spectrum od Petra Kaina<\/li>\n<li>vyu\u017eit\u00ed RAM: 0000h \u00f7 765Dh, C000h \u00f7 FFFFh<\/li>\n<li>podpora model\u016f: v\u0161echny verze PMD-85 (1\/2\/2A\/3)<\/li>\n<li>hudba\/zvuky: ne\/ne<\/li>\n<li>podpora barevn\u00fdch re\u017eim\u016f: BW, RGBM, WGRM, ColorAce<\/li>\n<li>ovl\u00e1d\u00e1n\u00ed: kl\u00e1vesnice<\/li>\n<\/ul>\n<h2>Status<\/h2>\n<ul>\n<li>hra je uvoln\u011bna ke sta\u017een\u00ed a testov\u00e1n\u00ed, <span style=\"color: #ff0000;\">p\u0159ipravuje se 2. vyd\u00e1n\u00ed<\/span><\/li>\n<\/ul>\n<h2>Popis hry a jej\u00ed vlastnosti<\/h2>\n<p>&#8222;Rychl\u00e9 \u0161\u00edpy. Po\u0159\u00e1d jen Rychl\u00e9 \u0161\u00edpy, jako by snad nikdo jin\u00fd na Druh\u00e9 stran\u011b ne\u017eil. Nem\u00e1\u0161 je r\u00e1d. Zalo\u017e\u00ed\u0161 vlastn\u00ed klub, kter\u00fd je poraz\u00ed, zesm\u011b\u0161n\u00ed, zni\u010d\u00ed! Zalo\u017e\u00ed\u0161 BRATRSTVO KO\u010cI\u010c\u00cd PRACKY!&#8220;<\/p>\n<p>Tolik citace z <a href=\"https:\/\/petrkain.pohroma.de\/\" target=\"_blank\" rel=\"noopener\">webu autora<\/a> p\u016fvodn\u00ed verze hry pro ZX Spectrum, Petra Kaina. Jedn\u00e1 se o textovou hru ze sv\u011bta Rychl\u00fdch \u0161\u00edp\u016f, kde hr\u00e1\u010d vystupuje v roli Dlouh\u00e9ho Bidla. \u0158ada detail\u016f, situac\u00ed a okoln\u00edch postav z p\u0159\u00edb\u011bh\u016f Rychl\u00fdch \u0161\u00edp\u016f je zde v\u011brn\u011b zapracov\u00e1na a hra tak p\u016fsob\u00ed autenticky. Na rozd\u00edl od p\u016fvodn\u00edho komiksu je hra lad\u011bna ryze humorn\u011b a nemoralizuje.<\/p>\n<p>P\u0159\u00edkazy jsou zad\u00e1v\u00e1ny v \u0159\u00e1dkov\u00e9m editoru, seznam kl\u00ed\u010dov\u00fdch slov lze vypsat p\u0159\u00edkazem SLOVNIK. N\u011bkter\u00e1 slova maj\u00ed zavedena synonyma, nap\u0159\u00edklad m\u00edsto slova POMOC lze zadat HELP, apod. Slova lze zkracovat, u v\u00edceslovn\u00fdch n\u00e1zv\u016f lze pou\u017e\u00edvat intuitivn\u011b jejich \u010d\u00e1sti. N\u00e1sleduj\u00edc\u00ed p\u0159\u00edkazy jsou zcela identick\u00e9:<\/p>\n<ul>\n<li>POUZIJ NUZ NA AUTOMOBIL<\/li>\n<li>POUZ NUZ NA NEMECKY AUTO<\/li>\n<li>POUZIJ NUZ NEMECKY AUTOMO<\/li>\n<li>POUZIJ NUZ AUTOMOBIL<\/li>\n<li>POU N A<\/li>\n<\/ul>\n<p>Zkratky slov jsou dynamicky m\u011bn\u011bny podle situace, aby mohly b\u00fdt rozli\u0161eny objekty, p\u0159\u00edtomn\u00e9 v dan\u00e9 lokaci.<\/p>\n<p>\u0158\u00e1dkov\u00fd editor podporuje funkci p\u0159ep\u00edn\u00e1n\u00ed kurzoru do re\u017eim\u016f INS\/OVR. Stejn\u011b tak jsou podporov\u00e1ny funkce kl\u00e1ves CLR (v\u00fdmaz cel\u00e9ho \u0159\u00e1dku), DEL (v\u00fdmaz znaku), RCL (obnoven\u00ed posledn\u00edho odeslan\u00e9ho \u0159\u00e1dku). Pokud editor vyhodnot\u00ed ne\u010diteln\u00fd vstup jako syntaktickou chybu, vyp\u00ed\u0161e standardn\u00ed chybovou hl\u00e1\u0161ku, p\u0159edtiskne posledn\u00ed zad\u00e1n\u00ed znovu do dialogov\u00e9ho \u0159\u00e1dku a um\u00edst\u00ed kurzor na za\u010d\u00e1tek slova, kter\u00e9 nerozpoznal.<\/p>\n<p>Hru lze p\u0159epnout do n\u011bkolika barevn\u00fdch re\u017eim\u016f, v re\u017eimu Colorace je barevn\u00e9 pod\u00e1n\u00ed hry stejn\u00e9 jako u p\u016fvodn\u00ed verze pro ZX Spectrum.<\/p>\n<p>Stav hry lze ulo\u017eit a obnovit z RAM (p\u0159\u00edkazy RS a RL) nebo z magnetofonov\u00e9 p\u00e1sky (p\u0159\u00edkazy SAVE a LOAD).<\/p>\n<h2>Soubory ke sta\u017een\u00ed<\/h2>\n<p><a href=\"https:\/\/www.pmd85.cz\/wp-content\/uploads\/BKP.zip\">Hra BKP2023 &#8211; Soubor virtu\u00e1ln\u00ed MGF p\u00e1sky pro emul\u00e1tor PMD-85 od RM-TEAM<\/a><\/p>\n<h2>Galerie obr\u00e1zk\u016f<\/h2>\n<div id=\"attachment_2041\" style=\"width: 160px\" class=\"wp-caption alignleft\"><a href=\"https:\/\/www.pmd85.cz\/wp-content\/uploads\/bkptitle2v.png\"><img aria-describedby=\"caption-attachment-2041\" loading=\"lazy\" class=\"wp-image-2041 size-thumbnail\" src=\"https:\/\/www.pmd85.cz\/wp-content\/uploads\/bkptitle2v-150x150.png\" alt=\"\" width=\"150\" height=\"150\" \/><\/a><p id=\"caption-attachment-2041\" class=\"wp-caption-text\">Obr\u00e1zek p\u0159i nahr\u00e1v\u00e1n\u00ed z MGF &#8211; 2. vyd\u00e1n\u00ed hry<\/p><\/div>\n<div id=\"attachment_2043\" style=\"width: 160px\" class=\"wp-caption alignleft\"><a href=\"https:\/\/www.pmd85.cz\/wp-content\/uploads\/funebrak.png\"><img aria-describedby=\"caption-attachment-2043\" loading=\"lazy\" class=\"wp-image-2043 size-thumbnail\" src=\"https:\/\/www.pmd85.cz\/wp-content\/uploads\/funebrak-150x150.png\" alt=\"\" width=\"150\" height=\"150\" \/><\/a><p id=\"caption-attachment-2043\" class=\"wp-caption-text\">Lokace s funebr\u00e1kem<\/p><\/div>\n","protected":false},"excerpt":{"rendered":"<p>Z\u00e1kladn\u00ed informace datum vyd\u00e1n\u00ed posledn\u00ed verze na PMD-85: 16. 11. 2023 portace stejnojmenn\u00e9 textov\u00e9 hry pro ZX Spectrum od Petra Kaina vyu\u017eit\u00ed RAM: 0000h \u00f7 765Dh, C000h \u00f7 FFFFh podpora model\u016f: v\u0161echny verze PMD-85 (1\/2\/2A\/3) hudba\/zvuky: ne\/ne podpora barevn\u00fdch re\u017eim\u016f: BW, RGBM, WGRM, ColorAce ovl\u00e1d\u00e1n\u00ed: kl\u00e1vesnice Status hra je uvoln\u011bna ke sta\u017een\u00ed a testov\u00e1n\u00ed, p\u0159ipravuje [&hellip;]<\/p>\n","protected":false},"author":1,"featured_media":0,"parent":236,"menu_order":0,"comment_status":"open","ping_status":"closed","template":"","meta":[],"_links":{"self":[{"href":"https:\/\/www.pmd85.cz\/index.php?rest_route=\/wp\/v2\/pages\/2016"}],"collection":[{"href":"https:\/\/www.pmd85.cz\/index.php?rest_route=\/wp\/v2\/pages"}],"about":[{"href":"https:\/\/www.pmd85.cz\/index.php?rest_route=\/wp\/v2\/types\/page"}],"author":[{"embeddable":true,"href":"https:\/\/www.pmd85.cz\/index.php?rest_route=\/wp\/v2\/users\/1"}],"replies":[{"embeddable":true,"href":"https:\/\/www.pmd85.cz\/index.php?rest_route=%2Fwp%2Fv2%2Fcomments&post=2016"}],"version-history":[{"count":11,"href":"https:\/\/www.pmd85.cz\/index.php?rest_route=\/wp\/v2\/pages\/2016\/revisions"}],"predecessor-version":[{"id":2046,"href":"https:\/\/www.pmd85.cz\/index.php?rest_route=\/wp\/v2\/pages\/2016\/revisions\/2046"}],"up":[{"embeddable":true,"href":"https:\/\/www.pmd85.cz\/index.php?rest_route=\/wp\/v2\/pages\/236"}],"wp:attachment":[{"href":"https:\/\/www.pmd85.cz\/index.php?rest_route=%2Fwp%2Fv2%2Fmedia&parent=2016"}],"curies":[{"name":"wp","href":"https:\/\/api.w.org\/{rel}","templated":true}]}}