{"id":243,"date":"2017-05-27T09:15:48","date_gmt":"2017-05-27T08:15:48","guid":{"rendered":"https:\/\/www.pmd85.cz\/?page_id=243"},"modified":"2020-07-06T10:37:04","modified_gmt":"2020-07-06T08:37:04","slug":"treti-stranka","status":"publish","type":"page","link":"https:\/\/www.pmd85.cz\/?page_id=243","title":{"rendered":"Hlasov\u00e1n\u00ed"},"content":{"rendered":"<p>Hlasov\u00e1n\u00ed k v\u00fdvojov\u00fdm variant\u00e1m her a program\u016f.<\/p>\n<hr \/>\n<div id=\"polls-3\" class=\"wp-polls\">\n\t\t<p style=\"text-align: center;\"><strong>Jak\u00fd zvolit form\u00e1t hry Miny? \/hlasov\u00e1n\u00ed ukon\u010deno\/<\/strong><\/p><div id=\"polls-3-ans\" class=\"wp-polls-ans\"><ul class=\"wp-polls-ul\">\n\t\t<li>velk\u00fd <small>(57%, 28 Hlasy)<\/small><div class=\"pollbar\" style=\"width: 57%;\" title=\"velk\u00fd (57% | 28 Hlasy)\"><\/div><\/li>\n\t\t<li>mal\u00fd <small>(43%, 21 Hlasy)<\/small><div class=\"pollbar\" style=\"width: 43%;\" title=\"mal\u00fd (43% | 21 Hlasy)\"><\/div><\/li>\n\t\t<\/ul><p style=\"text-align: center;\">Po\u010det hlasuj\u00edc\u00edch: <strong>49<\/strong><\/p><\/div>\n\t\t<input type=\"hidden\" id=\"poll_3_nonce\" name=\"wp-polls-nonce\" value=\"986121e0f0\" \/>\n<\/div>\n<div id=\"polls-3-loading\" class=\"wp-polls-loading\"><img src=\"https:\/\/www.pmd85.cz\/wp-content\/plugins\/wp-polls\/images\/loading.gif\" width=\"16\" height=\"16\" alt=\"Nahr\u00e1v\u00e1n\u00ed ...\" title=\"Nahr\u00e1v\u00e1n\u00ed ...\" class=\"wp-polls-image\" \/>&nbsp;Nahr\u00e1v\u00e1n\u00ed ...<\/div>\n\n<div id=\"attachment_1255\" style=\"width: 160px\" class=\"wp-caption alignleft\"><a href=\"https:\/\/www.pmd85.cz\/wp-content\/uploads\/miny_big.gif\" target=\"_blank\" rel=\"noopener\"><img aria-describedby=\"caption-attachment-1255\" loading=\"lazy\" class=\"wp-image-1255 size-thumbnail\" src=\"https:\/\/www.pmd85.cz\/wp-content\/uploads\/miny_big-150x150.gif\" alt=\"\" width=\"150\" height=\"150\" \/><\/a><p id=\"caption-attachment-1255\" class=\"wp-caption-text\">Rozm\u011brov\u011b v\u011bt\u0161\u00ed grafika<\/p><\/div>\n<div id=\"attachment_1256\" style=\"width: 160px\" class=\"wp-caption alignleft\"><a href=\"https:\/\/www.pmd85.cz\/wp-content\/uploads\/miny_little.gif\" target=\"_blank\" rel=\"noopener\"><img aria-describedby=\"caption-attachment-1256\" loading=\"lazy\" class=\"wp-image-1256 size-thumbnail\" src=\"https:\/\/www.pmd85.cz\/wp-content\/uploads\/miny_little-150x150.gif\" alt=\"\" width=\"150\" height=\"150\" \/><\/a><p id=\"caption-attachment-1256\" class=\"wp-caption-text\">Rozm\u011brov\u011b men\u0161\u00ed grafika<\/p><\/div>\n<p>&nbsp;<\/p>\n<p>&nbsp;<\/p>\n<p>&nbsp;<\/p>\n<p>&nbsp;<\/p>\n<p>&nbsp;<\/p>\n<hr \/>\n<div id=\"polls-2\" class=\"wp-polls\">\n\t\t<p style=\"text-align: center;\"><strong>Kterou variantu dojezdov\u00e9ho jinglu pro Trailblazer byste volili? \/hlasov\u00e1n\u00ed ukon\u010deno\/<\/strong><\/p><div id=\"polls-2-ans\" class=\"wp-polls-ans\"><ul class=\"wp-polls-ul\">\n\t\t<li>4-hlas\u00fd p\u0159ehr\u00e1va\u010d, simulace ob\u00e1lky <small>(62%, 8 Hlasy)<\/small><div class=\"pollbar\" style=\"width: 62%;\" title=\"4-hlas\u00fd p\u0159ehr\u00e1va\u010d, simulace ob\u00e1lky (62% | 8 Hlasy)\"><\/div><\/li>\n\t\t<li>2-hlas\u00fd p\u0159ehr\u00e1va\u010d, pln\u00fd t\u00f3n <small>(38%, 5 Hlasy)<\/small><div class=\"pollbar\" style=\"width: 38%;\" title=\"2-hlas\u00fd p\u0159ehr\u00e1va\u010d, pln\u00fd t\u00f3n (38% | 5 Hlasy)\"><\/div><\/li>\n\t\t<\/ul><p style=\"text-align: center;\">Po\u010det hlasuj\u00edc\u00edch: <strong>13<\/strong><\/p><\/div>\n\t\t<input type=\"hidden\" id=\"poll_2_nonce\" name=\"wp-polls-nonce\" value=\"419d832bea\" \/>\n<\/div>\n<div id=\"polls-2-loading\" class=\"wp-polls-loading\"><img src=\"https:\/\/www.pmd85.cz\/wp-content\/plugins\/wp-polls\/images\/loading.gif\" width=\"16\" height=\"16\" alt=\"Nahr\u00e1v\u00e1n\u00ed ...\" title=\"Nahr\u00e1v\u00e1n\u00ed ...\" class=\"wp-polls-image\" \/>&nbsp;Nahr\u00e1v\u00e1n\u00ed ...<\/div>\n\n<p><a href=\"https:\/\/www.pmd85.cz\/wp-content\/uploads\/Jingle2.wma\">Jingle2.wma<\/a>\u00a0(verze s dvouhlas\u00fdm p\u0159ehr\u00e1va\u010dem a pln\u00fdm t\u00f3nem)<\/p>\n<p><a href=\"https:\/\/www.pmd85.cz\/wp-content\/uploads\/Jingle4.wma\">Jingle4.wma<\/a>\u00a0(verze se \u010dty\u0159hlas\u00fdm p\u0159ehr\u00e1va\u010dem a simulac\u00ed ob\u00e1lky t\u00f3nu)<\/p>\n<hr \/>\n<p>&nbsp;<\/p>\n<p>&nbsp;<\/p>\n","protected":false},"excerpt":{"rendered":"<p>Hlasov\u00e1n\u00ed k v\u00fdvojov\u00fdm variant\u00e1m her a program\u016f. &nbsp; &nbsp; &nbsp; &nbsp; &nbsp; Jingle2.wma\u00a0(verze s dvouhlas\u00fdm p\u0159ehr\u00e1va\u010dem a pln\u00fdm t\u00f3nem) Jingle4.wma\u00a0(verze se \u010dty\u0159hlas\u00fdm p\u0159ehr\u00e1va\u010dem a simulac\u00ed ob\u00e1lky t\u00f3nu) &nbsp; &nbsp;<\/p>\n","protected":false},"author":1,"featured_media":0,"parent":0,"menu_order":0,"comment_status":"open","ping_status":"closed","template":"","meta":[],"_links":{"self":[{"href":"https:\/\/www.pmd85.cz\/index.php?rest_route=\/wp\/v2\/pages\/243"}],"collection":[{"href":"https:\/\/www.pmd85.cz\/index.php?rest_route=\/wp\/v2\/pages"}],"about":[{"href":"https:\/\/www.pmd85.cz\/index.php?rest_route=\/wp\/v2\/types\/page"}],"author":[{"embeddable":true,"href":"https:\/\/www.pmd85.cz\/index.php?rest_route=\/wp\/v2\/users\/1"}],"replies":[{"embeddable":true,"href":"https:\/\/www.pmd85.cz\/index.php?rest_route=%2Fwp%2Fv2%2Fcomments&post=243"}],"version-history":[{"count":11,"href":"https:\/\/www.pmd85.cz\/index.php?rest_route=\/wp\/v2\/pages\/243\/revisions"}],"predecessor-version":[{"id":1262,"href":"https:\/\/www.pmd85.cz\/index.php?rest_route=\/wp\/v2\/pages\/243\/revisions\/1262"}],"wp:attachment":[{"href":"https:\/\/www.pmd85.cz\/index.php?rest_route=%2Fwp%2Fv2%2Fmedia&parent=243"}],"curies":[{"name":"wp","href":"https:\/\/api.w.org\/{rel}","templated":true}]}}