{"id":745,"date":"2018-10-06T22:00:30","date_gmt":"2018-10-06T21:00:30","guid":{"rendered":"https:\/\/www.pmd85.cz\/?page_id=745"},"modified":"2020-10-17T23:31:58","modified_gmt":"2020-10-17T21:31:58","slug":"jet-set-willy","status":"publish","type":"page","link":"https:\/\/www.pmd85.cz\/?page_id=745","title":{"rendered":"JET SET WILLY"},"content":{"rendered":"<h2>Z\u00e1kladn\u00ed informace<\/h2>\n<ul>\n<li>datum vyd\u00e1n\u00ed posledn\u00ed\u00a0verze na PMD-85: 2. 2. 2019<\/li>\n<li>portace p\u016fvodn\u00edho k\u00f3du\u00a0pro ZX Spectrum<\/li>\n<li>vyu\u017eit\u00ed RAM: 0000h \u00f7 7FFFh,\u00a0C000h \u00f7 FFFFh (v\u010detn\u011b z\u00e1pisn\u00edku)<\/li>\n<li>podpora model\u016f: v\u0161echny verze PMD-85 (1\/2\/2A\/3),\u00a0Didaktik Alfa, Consul C2717 (na PMD 85-3 spustiteln\u00e9 v re\u017eimu kompatibility)<\/li>\n<li>barvy:\u00a0monochrom (2)<\/li>\n<li>hudba\/zvuky:\u00a0pouze zvuky, hudba nebyla implementov\u00e1na<\/li>\n<li>ovl\u00e1d\u00e1n\u00ed: kl\u00e1vesnice, voliteln\u011b joystick A nebo B<\/li>\n<\/ul>\n<h2>Status<\/h2>\n<ul>\n<li>fin\u00e1ln\u00ed verze\u00a0hry, uvoln\u011bno k pou\u017eit\u00ed<\/li>\n<\/ul>\n<h2>Ovl\u00e1dac\u00ed kl\u00e1vesy<\/h2>\n<ul>\n<li>kurzorov\u00e9 \u0161ipky = pohyb WILLYho vlevo a vpravo<\/li>\n<li>SHIFT = v\u00fdskok<\/li>\n<li>RCL = okam\u017eit\u00e9 ukon\u010den\u00ed cel\u00e9 hry a jej\u00ed restart<\/li>\n<li>SPACE = p\u0159echod do re\u017eimu PAUSE<\/li>\n<\/ul>\n<h2>Popis hry a jej\u00ed vlastnosti<\/h2>\n<p>Klasika. Pomozte WILLYmu posb\u00edrat v\u0161echny p\u0159edm\u011bty v dom\u011b (83) a dostat se p\u0159ed p\u016flnoc\u00ed do postele.<\/p>\n<p>Z d\u016fvodu nedostatku pam\u011bti PMD-85 hra obsahuje pouze to nejnutn\u011bj\u0161\u00ed, co definuje tuto hru.\u00a0Na druhou stranu se p\u0159i v\u00fdvoji\u00a0poda\u0159ilo zachovat pln\u00fd rozsah animac\u00ed, origin\u00e1ln\u00ed grafiku jako celek a krom\u011b l\u00e9taj\u00edc\u00edch \u0161ipek je hra pln\u011b v\u011brn\u00e1 origin\u00e1lu i z hlediska pohybu objekt\u016f.<\/p>\n<p>Hra je v kone\u010dn\u00e9m d\u016fsledku origin\u00e1ln\u00edm k\u00f3dem, kter\u00fd \u010d\u00e1ste\u010dn\u011b respektuje datov\u00e9 bloky p\u016fvodn\u00ed hry, nicm\u00e9n\u011b z d\u016fvodu zachov\u00e1n\u00ed dynamiky hry byla pln\u011b p\u0159evzata struktura centr\u00e1ln\u00ed smy\u010dky a procedury pro pohyb WILLYho. V\u0161e ostatn\u00ed je optimalizov\u00e1no s ohledem na rychlost a mno\u017estv\u00ed\u00a0dostupn\u00e9 pam\u011bti a jedn\u00e1 se\u00a0o zcela nov\u00e9 konstrukce.<\/p>\n<p>Od origin\u00e1lu se hra li\u0161\u00ed\u00a0 v t\u011bchto bodech:<\/p>\n<ul>\n<li>Hra nem\u00e1 ov\u011b\u0159en\u00ed barevn\u00e9ho k\u00f3du jako ochranu p\u0159ed kop\u00edrov\u00e1n\u00edm.<\/li>\n<li>Hra nem\u00e1 \u00favodn\u00ed obrazovku s hudbou.<\/li>\n<li>Nen\u00ed implementov\u00e1na\u00a0hudba b\u011bhem hry.<\/li>\n<li>Hra je striktn\u011b monochromatick\u00e1.<\/li>\n<li>Pohyb po lan\u011b je intuitivn\u00ed podle n\u00e1klonu lana.<\/li>\n<li>Jsou opraveny chyby origin\u00e1ln\u00ed verze (grafika i funkce).<\/li>\n<li>\u0160ipky maj\u00ed jin\u00fd pohybov\u00fd mechanismus.<\/li>\n<li>Hra nem\u00e1 funkci teleportu (aktivace heslem WRITETYPER u origin\u00e1lu).<\/li>\n<\/ul>\n<h2>POKE<\/h2>\n<p>Proto\u017ee hru obecn\u011b nelze po RESETu PMD-85 znovu spustit (n\u011bkdy lze, pak ov\u0161em s po\u0161kozen\u00fdmi animacemi), obsahuje\u00a0vestav\u011bn\u00e9\u00a0 CHEATy, dostupn\u00e9 v \u00favodn\u00edm menu. Volba IMMORTAL zp\u016fsob\u00ed kolizn\u00ed a p\u00e1dovou nesmrtelnost. Volba INFINITY pak vypne ub\u00fdv\u00e1n\u00ed \u017eivot\u016f, ov\u0161em WILLY um\u00edr\u00e1 jak po dotyku nep\u0159\u00e1tel, tak i p\u0159i p\u00e1du z velk\u00e9 v\u00fd\u0161ky. Tyto volby se b\u011bhem v\u00fdvoje uk\u00e1zaly jako logick\u00e9 rozd\u011blen\u00ed typ\u016f nesmrtelnosti a proto byly p\u0159ejaty i do fin\u00e1ln\u00ed verze.<\/p>\n<h2>Soubory ke sta\u017een\u00ed<\/h2>\n<ul>\n<li><a href=\"https:\/\/www.pmd85.cz\/wp-content\/uploads\/JSWilly.zip\">JET SET WILLY<\/a>\u00a0&#8211; Soubor virtu\u00e1ln\u00ed MGF p\u00e1sky pro emul\u00e1tor PMD-85 od RM-TEAMu<\/li>\n<li><a href=\"https:\/\/www.youtube.com\/watch?v=sl-rmOBWNkg\" target=\"_blank\" rel=\"noopener noreferrer\">Pr\u016fjezd hry<\/a> &#8211; video Solarisova pr\u016fjezdu hry na YouTube<\/li>\n<\/ul>\n<h2>Pod\u011bkov\u00e1n\u00ed<\/h2>\n<p>Ps\u00e1t hry tohoto typu v tak kr\u00e1tk\u00e9 dob\u011b je mo\u017en\u00e9 pouze s dlouhodobou p\u0159\u00edpravou, nebo, tak jako v tomto p\u0159\u00edpad\u011b, lze nav\u00e1zat na to, co ji\u017e vytvo\u0159ili jin\u00ed. Verze JSW pro PMD-85 je zalo\u017eena na anal\u00fdze zp\u011btn\u00e9ho p\u0159ekladu origin\u00e1lu od J. G. Harstona (<a href=\"http:\/\/mdfs.net\/Software\/JSW\" target=\"_blank\" rel=\"noopener noreferrer\">http:\/\/mdfs.net\/Software\/JSW<\/a>), dodate\u010dn\u011b byla verze pro PMD-85 konfrontov\u00e1na s poznatky Richarda Dymonda (<a href=\"http:\/\/skoolkid.github.io\/jetsetwilly\" target=\"_blank\" rel=\"noopener noreferrer\">http:\/\/skoolkid.github.io\/jetsetwilly<\/a>) a nejv\u011bt\u0161\u00ed \u010d\u00e1st rutinn\u00ed pr\u00e1ce zastaly programy PSPad (<a href=\"http:\/\/www.pspad.com\/cz\" target=\"_blank\" rel=\"noopener noreferrer\">http:\/\/www.pspad.com\/cz<\/a>), emul\u00e1tor PMD-85 od RM-TEAMu (<a href=\"http:\/\/pmd85.borik.net\/wiki\/Intro\" target=\"_blank\" rel=\"noopener noreferrer\">http:\/\/pmd85.borik.net\/wiki\/Intro<\/a>) a nejmenovan\u00fd tabulkov\u00fd kalkul\u00e1tor, kter\u00fd p\u0159ev\u00e1d\u011bl bin\u00e1rn\u00ed data p\u0159\u00edmo do assemblerovsk\u00fdch z\u00e1pis\u016f.<\/p>\n<h2>Galerie obr\u00e1zk\u016f<\/h2>\n<div id=\"attachment_790\" style=\"width: 160px\" class=\"wp-caption alignleft\"><a href=\"https:\/\/www.pmd85.cz\/wp-content\/uploads\/jswload.png\" target=\"_blank\" rel=\"noopener noreferrer\"><img aria-describedby=\"caption-attachment-790\" loading=\"lazy\" class=\"wp-image-790 size-thumbnail\" src=\"https:\/\/www.pmd85.cz\/wp-content\/uploads\/jswload-150x150.png\" alt=\"\" width=\"150\" height=\"150\" \/><\/a><p id=\"caption-attachment-790\" class=\"wp-caption-text\">Obr\u00e1zek b\u011bhem nahr\u00e1v\u00e1n\u00ed<\/p><\/div>\n<div id=\"attachment_751\" style=\"width: 160px\" class=\"wp-caption alignleft\"><a href=\"https:\/\/www.pmd85.cz\/wp-content\/uploads\/jswdemo.png\" target=\"_blank\" rel=\"noopener noreferrer\"><img aria-describedby=\"caption-attachment-751\" loading=\"lazy\" class=\"wp-image-751 size-thumbnail\" src=\"https:\/\/www.pmd85.cz\/wp-content\/uploads\/jswdemo-150x150.png\" alt=\"\" width=\"150\" height=\"150\" \/><\/a><p id=\"caption-attachment-751\" class=\"wp-caption-text\">Uk\u00e1zka\u00a0z hry<\/p><\/div>\n","protected":false},"excerpt":{"rendered":"<p>Z\u00e1kladn\u00ed informace datum vyd\u00e1n\u00ed posledn\u00ed\u00a0verze na PMD-85: 2. 2. 2019 portace p\u016fvodn\u00edho k\u00f3du\u00a0pro ZX Spectrum vyu\u017eit\u00ed RAM: 0000h \u00f7 7FFFh,\u00a0C000h \u00f7 FFFFh (v\u010detn\u011b z\u00e1pisn\u00edku) podpora model\u016f: v\u0161echny verze PMD-85 (1\/2\/2A\/3),\u00a0Didaktik Alfa, Consul C2717 (na PMD 85-3 spustiteln\u00e9 v re\u017eimu kompatibility) barvy:\u00a0monochrom (2) hudba\/zvuky:\u00a0pouze zvuky, hudba nebyla implementov\u00e1na ovl\u00e1d\u00e1n\u00ed: kl\u00e1vesnice, voliteln\u011b joystick A nebo B Status [&hellip;]<\/p>\n","protected":false},"author":1,"featured_media":0,"parent":236,"menu_order":0,"comment_status":"open","ping_status":"closed","template":"","meta":[],"_links":{"self":[{"href":"https:\/\/www.pmd85.cz\/index.php?rest_route=\/wp\/v2\/pages\/745"}],"collection":[{"href":"https:\/\/www.pmd85.cz\/index.php?rest_route=\/wp\/v2\/pages"}],"about":[{"href":"https:\/\/www.pmd85.cz\/index.php?rest_route=\/wp\/v2\/types\/page"}],"author":[{"embeddable":true,"href":"https:\/\/www.pmd85.cz\/index.php?rest_route=\/wp\/v2\/users\/1"}],"replies":[{"embeddable":true,"href":"https:\/\/www.pmd85.cz\/index.php?rest_route=%2Fwp%2Fv2%2Fcomments&post=745"}],"version-history":[{"count":26,"href":"https:\/\/www.pmd85.cz\/index.php?rest_route=\/wp\/v2\/pages\/745\/revisions"}],"predecessor-version":[{"id":752,"href":"https:\/\/www.pmd85.cz\/index.php?rest_route=\/wp\/v2\/pages\/745\/revisions\/752"}],"up":[{"embeddable":true,"href":"https:\/\/www.pmd85.cz\/index.php?rest_route=\/wp\/v2\/pages\/236"}],"wp:attachment":[{"href":"https:\/\/www.pmd85.cz\/index.php?rest_route=%2Fwp%2Fv2%2Fmedia&parent=745"}],"curies":[{"name":"wp","href":"https:\/\/api.w.org\/{rel}","templated":true}]}}